common factor of 82 and a.
2
Let n be (-44)/(2 - (-5)/(-2)). Suppose -10*l - 446 = -2096. Let t = l + -154. What is the highest common divisor of t and n?
11
Let b = 1987 - 304. What is the greatest common factor of b and 68?
17
Let c be (10 - 0)/(1130/1356). What is the greatest common divisor of c and 2793?
3
Let a = 86 + 278. Suppose -10*z + a = -76. Calculate the greatest common factor of z and 55.
11
Let j = 6876 + -4446. Calculate the greatest common divisor of j and 30.
30
Suppose -r + 5*p + 2 = 5, 0 = 4*r - 3*p - 5. Suppose 6*o = 2*o - 20, r*u = 5*o + 65. What is the highest common divisor of 20 and u?
20
Let d(a) = a**2 - 7*a + 5. Let y be d(5). Let p be -1 + (1 - y) + (-20 - -18). What is the highest common factor of 156 and p?
3
Suppose -5 = 5*i, 11 = 3*a - 0*a - 2*i. Suppose -5*f = -f + 8, 0 = -3*l + a*f + 1689. What is the highest common factor of l and 51?
51
Let z(j) = -85*j - 1331. Let v be z(-36). What is the highest common factor of v and 364?
91
Suppose 17377 = 17*j + 6429. Let k = -38 + 52. What is the highest common divisor of k and j?
14
Let k = -78 + 82. Let t be (-3)/(-2)*(0 + 2). Let v be -1*2*t/(-2). Calculate the greatest common factor of v and k.
1
Let u = 224 + -78. Let y(z) = z**2 + 7*z + 19. Let p be y(-16). Suppose -i + 2*r = 3*i - u, 4*r = -5*i + p. Calculate the greatest common factor of 7 and i.
7
Let m be 94/4 - (1711/(-58))/(-59). Calculate the highest common factor of 6808 and m.
23
Let o be (-4*(-4)/(-20))/(4/(-30)). Suppose -3*a = -o*a - p + 295, -5*p = 25. Calculate the greatest common divisor of a and 150.
50
Let f be (2*1)/(-4 + (-369)/(-90)). Let n be (2152/f - -2) + (-2)/(-5). What is the highest common divisor of 22 and n?
22
Let b(s) = -s - 112. Let f be b(14). Let j = f + 224. Calculate the greatest common factor of j and 56.
14
Suppose -3*q + 836 = q. Let n = 12101 + -12082. Calculate the greatest common divisor of q and n.
19
Let m = -5 - -7. Let g be m/(-4) - 1393/14. Let b be -4 - -4 - 4 - g. What is the highest common divisor of b and 32?
32
Let s be ((-60)/(-15))/((-2)/(-166)). Calculate the highest common factor of 8 and s.
4
Let h = 47 - 41. Suppose 4 = -2*s - h. Let o(j) = -j**2 - 6*j + 19. Let g be o(s). What is the greatest common factor of 16 and g?
8
Let i be (-13 - -4281)*7/28. What is the highest common factor of i and 485?
97
Let t be -3*(-48)/(-36) - 18086/(-2). What is the highest common divisor of 69 and t?
69
Let r = -275 - -275. Suppose r = 3*u + 8*u - 5566. What is the highest common divisor of u and 22?
22
Let q(t) = -9*t + 29. Let h be q(3). Let m be (16/24)/(2/78). Suppose -3*d + 3*g = -g - m, 2*d = -g + 21. Calculate the greatest common factor of d and h.
2
Let c(k) = -26*k + 3104. Let j be c(43). What is the greatest common divisor of j and 24?
6
Suppose -227*d + 228*d - 248 = -3*w, -3*w + 3*d + 264 = 0. What is the highest common divisor of w and 384?
12
Suppose -245*b = 2*d - 250*b - 260, 5*b - 280 = -2*d. Suppose 5*y - 5*k = -3 + 63, 2*y - 15 = -k. What is the highest common factor of y and d?
9
Let g = 4 - 5. Let m be (-4 - 26)*g/1. What is the highest common divisor of 90 and m?
30
Let w(h) = h**2 + 7*h - 22. Let n = 78 - 78. Suppose n = x + 14 - 1. Let m be w(x). Calculate the highest common divisor of m and 7.
7
Let a(c) = 3096*c - 2030. Let i be a(5). What is the greatest common divisor of 75 and i?
25
Let x be (0/2 - (25 - 26))/(3/138). Calculate the greatest common divisor of x and 5888.
46
Suppose 0 = -o - 0*o + 144. Suppose 4352 = -660*k + 1340*k - 612*k. Calculate the greatest common divisor of k and o.
16
Suppose -138 = 8*j + 150. Let d be j/(-14)*(20 - 13). Calculate the highest common divisor of d and 9.
9
Suppose y + 0*y = 290. Let m be (-3)/5 + y/25. Let x be 4 - ((-14)/3)/(94/141). What is the greatest common divisor of m and x?
11
Let i be 6/(-5)*((-575)/50 - -9). Calculate the highest common divisor of i and 234.
3
Let w = 1 + 2. Suppose 3*b - 42 = -3*v, -w*v - 2*b = -2*v - 13. Suppose -3*s - 5*n + 10*n = -35, -4 = n. What is the greatest common factor of s and v?
5
Let h be 23 + (16 - -73) + 4. What is the greatest common factor of h and 6612?
116
Suppose -8*s = 14*s + 28*s - 1850. What is the greatest common divisor of s and 148?
37
Suppose 31 = -3*x + 43. Suppose x*f + 31 = 43. Suppose 0 = -n + 3*n + f*t - 38, -2*t - 4 = 0. Calculate the greatest common divisor of 55 and n.
11
Let m(o) = -4*o + 60. Let w be (-4)/10 + (-66)/(-15). Suppose -j + n = 14, 0*n = 2*j - w*n + 38. Let z be m(j). Calculate the highest common divisor of z and 6.
6
Let u be 1/(-3) - 142/(-3). Let a(y) = y**2 - 222*y + 611. Let f be a(0). Calculate the greatest common divisor of u and f.
47
Suppose 13*j + 3*a = 14*j - 348, -3*j - 2*a + 1044 = 0. Let d = 94 + -36. What is the highest common divisor of d and j?
58
Let d = -23109 + 23125. What is the highest common factor of 1816 and d?
8
Let s be -2 + 0 + 5 + (2 - -1). Suppose -11*q = -s*q - 525. Let m = q + 14. What is the greatest common factor of 17 and m?
17
Let o = -65 - -67. Suppose 4*c + 2*b - 312 = 0, -17 = -3*c - o*b + 215. Calculate the highest common factor of 48 and c.
16
Let h = -2341 - -3191. Calculate the greatest common divisor of 170 and h.
170
Suppose 4*h = -3*a - 39, 0*h = h - a + 15. Let g be (-2)/(-12) + 62/h. Let z = 3 - g. Calculate the highest common divisor of 20 and z.
4
Let l(t) = 2*t**2 - 2*t + 522. Let y be l(0). Suppose 2*s - 378 = -4*j + 146, -s + y = 4*j. Calculate the greatest common divisor of 20 and j.
10
Suppose -14 + 11 = 3*m. Let k be m/((-542)/180 + 3). Let h(a) = -2*a + 52. Let c be h(-4). Calculate the highest common divisor of c and k.
30
Let s = 1913 - 537. Suppose -8*a - s = -3896. Calculate the highest common factor of a and 210.
105
Let f be ((-114)/30 - -3)/(27/(-20925)). What is the highest common factor of 1020 and f?
20
Suppose 4*z = -3*z + 56. Suppose 0 = -y - 5*v + 44, 5*y + z*v = 10*v + 139. What is the greatest common divisor of y and 638?
29
Let b = 22553 + -22409. What is the highest common divisor of 2106 and b?
18
Suppose 0*m + 23*m = -89*m + 3024. Calculate the greatest common divisor of 144 and m.
9
Let m be -1*(-1 + 0)*50. Suppose 2*k - 247*p - 252 = -243*p, 3*k - 3*p = 384. Calculate the highest common divisor of k and m.
10
Let f(v) = -19*v - 145. Let g(d) = -20*d - 142. Let m(h) = -4*f(h) + 5*g(h). Let c be m(-55). What is the highest common factor of c and 17?
17
Let z be -2 + (4 + 27/(-12))/(1/272). Calculate the greatest common divisor of z and 6399.
237
Let v be (74 + -84)/(((-8)/(-110))/(-1))*6. What is the greatest common factor of v and 300?
75
Suppose -880*o - 352 = -891*o. What is the greatest common divisor of o and 3104?
32
Let q(d) = -42*d + 966. Let w be q(19). What is the highest common divisor of w and 600?
24
Let h be 3/((-9)/(-1905)) - (-10 + 13). Suppose 160 + 110 = 2*j. Let n be h/9 + (-30)/j. What is the highest common factor of n and 28?
14
Let h be ((3/9)/1*-2)/((-214)/4815). What is the highest common factor of h and 2505?
15
Let p = 265 - 153. Let d = -105 - -116. Suppose 3*a - d*a = -128. Calculate the highest common divisor of a and p.
16
Suppose -9920 = -2*d - 14*d. Let p = d - 520. What is the highest common divisor of 25 and p?
25
Let n(r) = 3*r**2 - 5*r**2 + 3*r**2 + 37 - 25*r - 68. Let y be n(30). What is the greatest common divisor of 68 and y?
17
Let i be (38 + -43)*1*4/(-10). Let m(n) = -n**3 - i*n**2 - 5*n**2 - 14 - 3*n + 2 + 9. Let s be m(-7). What is the highest common factor of s and 99?
9
Suppose -19*v + 20573 = 23*v - 58639. Calculate the highest common factor of v and 322.
46
Suppose 6 = -4*r + n + 37, -2*n - 30 = -4*r. Suppose -351*z = -356*z + 25. Let y(c) = 4*c + 36. Let v be y(z). What is the greatest common factor of v and r?
8
Suppose -4*r = -5215 - 8753. Calculate the greatest common divisor of r and 576.
36
Let l(j) = -j**3 + 4*j**2 - 3*j + 11312. Let o be l(0). What is the highest common factor of o and 7?
7
Suppose 298461 + 345507 = 172*n. What is the greatest common factor of n and 208?
208
Let a(t) = t**2 - t - 20. Let x be a(-4). Suppose x = -5*w - 2*l + 701, -6*w + 2*w = 5*l - 554. Calculate the highest common divisor of 94 and w.
47
Let i be 4/22 - ((-335)/(-55) + -6)*-9. Let z = 48 - 25. Calculate the hi